 of u and 70.
14
Let h(f) be the first derivative of 3*f - 2 + 2*f**3 - 3/2*f**2. Let v be h(2). What is the highest common divisor of v and 3?
3
Let g(w) = w**2 + w. Suppose 0 = -5*z - 3*d + 2, d = -2*z + 4*d - 16. Let v be g(z). What is the greatest common factor of v and 22?
2
Let z be 9 + (3 - 0/3). Calculate the greatest common divisor of z and 8.
4
Let i(s) = 3*s - 1. Let n be i(3). Let h = -2 + 42. Calculate the highest common factor of h and n.
8
Suppose -4*p + 106 = -7*v + 4*v, -4*v = 4*p + 188. Let a be (-2)/((-4)/(-2))*v. What is the greatest common divisor of 6 and a?
6
Suppose -140 = k - 6*k. Let g(r) = -r + 1. Let w be g(-3). Let j be (-26)/(-7) + w/14. What is the greatest common divisor of j and k?
4
Suppose 233 = 3*r - 4*j, -3*j = 2 + 4. Calculate the greatest common factor of 15 and r.
15
Suppose 0 = 4*i + 10 - 46. Calculate the greatest common divisor of i and 72.
9
Let a(f) = -f + f + f**3 + 6 + f - 8*f**2. Let j be a(6). Let r be 6/15*j/(-2). Calculate the greatest common factor of r and 30.
6
Let c(i) = -i**2 + 7*i + 4. Let h be c(7). What is the highest common factor of 6 and h?
2
Let q be 12/(-18)*(-51)/2. Calculate the highest common factor of 68 and q.
17
Let z = 165 - 108. What is the greatest common divisor of z and 19?
19
Suppose -4*v - 30 + 114 = 0. Let z = 29 - v. Calculate the greatest common divisor of 8 and z.
8
Suppose -6*x - 60 = -2*x. Let y = x + 23. Let t = -30 + 50. What is the highest common factor of y and t?
4
Let y = 4 + -10. Let w(h) = -2*h - 9. Let n be w(y). Suppose 39 = -0*g + n*g. What is the highest common divisor of g and 13?
13
Let t = 601 + -313. What is the greatest common divisor of t and 36?
36
Let z = -26 - -52. Calculate the greatest common factor of z and 104.
26
Let a(o) = o + 6. Let r be a(-6). Suppose 5*b - 11 - 69 = r. Suppose 3*g - b = 17. What is the greatest common factor of 22 and g?
11
Suppose 0 = -n - 4*v - 16, -v = -n - 6*v - 21. Suppose -45 + 9 = -n*x. What is the greatest common factor of 36 and x?
9
Let d = 95 + -47. Suppose q - 139 = 5*a, a + 31 = -3*q - 0*q. Let v = d + a. What is the greatest common factor of 5 and v?
5
Suppose 3*k = -2*z + 28, 0 = 2*k + 5*z + 1 - 5. What is the highest common divisor of 30 and k?
6
Let h(x) be the first derivative of -1/2*x**2 + 3*x - 2. Let p be h(2). Calculate the greatest common factor of 7 and p.
1
Suppose 0 = -y + 3*y. Let c be (y - 0)/(-1 + 2). Suppose -5*b + 27 + 33 = c. Calculate the greatest common factor of 2 and b.
2
Suppose -4*g + g + 3 = 0. Suppose -4*w = 2*i - 32, -3*w - g = -5*i + 4*i. Calculate the greatest common factor of 110 and i.
10
Let l(r) = r**2 - r. Let c = 20 - 22. Let o be l(c). What is the highest common factor of 4 and o?
2
Let k be (-4)/(8/(-6)) - -1. Suppose -o = -k*o + 6. Suppose o*y - 38 + 8 = 0. Calculate the greatest common factor of y and 120.
15
Let n = 70 - 34. What is the greatest common divisor of 9 and n?
9
Let p be (-112)/(-2) + -1 - 0. What is the highest common divisor of 5 and p?
5
Let m(h) = 14*h**3 - h. Let y be m(-1). Let k(b) = -b**2 - 22*b - 9. Let c be k(y). Let j = -15 - -27. Calculate the highest common factor of c and j.
12
Let b be (4 - 2)*(-11 + 0). Let k be (-1)/(-2) - b/4. Calculate the greatest common factor of k and 9.
3
Suppose i + 4*i + 3*c - 118 = 0, -94 = -3*i + 4*c. Suppose 0 = -f + 4*f - 117. What is the greatest common divisor of i and f?
13
Let z be (-7)/14*(-7 + -1). What is the greatest common factor of z and 32?
4
Let n(z) = -z**3 + 7*z**2 + 4*z. Let x be n(6). What is the greatest common divisor of x and 15?
15
Suppose 7*d = 11*d. Suppose 3*b - a + 0*a = 43, d = -2*b - 4*a + 38. Calculate the highest common divisor of 165 and b.
15
Let t(w) = w**3 - 5*w**2 - 2*w + 3. Let r be t(6). Suppose y = 5, y - 26 = -4*b + 3. Let s = r + b. What is the greatest common divisor of s and 11?
11
Let y = 275 + -160. Let z = y + -24. Calculate the greatest common factor of z and 13.
13
Let c be -2*(-3)/(-12)*-6. Suppose 0 = -0*v + c*v - 3. Calculate the greatest common divisor of v and 1.
1
Let a be (-1 - 1 - 0) + -1. Let i(l) = -l**2 - 11*l + 15. Let y be i(-12). Let v = y - a. What is the highest common divisor of 42 and v?
6
Let k(f) = -4*f + 6 - 6*f + f**2 + 7*f. Let y be k(-6). Calculate the highest common divisor of 40 and y.
20
Let t be (100/(-15))/(2/(-3)). Let u = -3 + t. Calculate the highest common factor of 7 and u.
7
Let b be 4/(-18) - 80/(-36). Suppose 28 = 6*w - b*w. Suppose -38 = -s - 3. What is the greatest common divisor of w and s?
7
Suppose 69 - 12 = 3*b. Let r = b - 4. Calculate the greatest common factor of r and 120.
15
Suppose -1 = -a + 2. Suppose -a*r - 11 = h - 3*h, -5*r = 2*h - 51. Let z = h - 8. What is the highest common divisor of 1 and z?
1
Let i be -154*((-24)/(-14))/(-2). What is the highest common factor of 12 and i?
12
Let a(p) = 1 - 4*p + 3*p + 1 - 4. Let c be a(-3). Calculate the highest common factor of 5 and c.
1
Let j(k) = 8*k**2 - 3*k - 2. Let v be j(5). Let p = v - 75. Suppose 3*g - 2*g - 12 = 0. What is the greatest common factor of p and g?
12
Let w = -5 - -13. What is the greatest common divisor of 40 and w?
8
Let n(x) = x**3 + x**2 + 1. Let p(o) = -5*o**2 + 12*o + 5. Let t(q) = -n(q) + p(q). Let h be t(-8). What is the highest common divisor of h and 24?
12
Let k(o) = o**3 - 8*o**2 + 7*o + 4. Let i be k(7). Suppose h - 4*c = 40, -3*h + 123 = i*c - 29. Calculate the greatest common factor of 72 and h.
24
Let o(g) = g**3 - 6*g**2 - 5*g + 21. Let c be o(7). What is the greatest common factor of 7 and c?
7
Let j = -4 - -27. Calculate the highest common divisor of 46 and j.
23
Let o(m) = m**2 + 6*m - 7. Let g be o(-7). Suppose -a = -2*y - 52, -a - y + 44 + 20 = g. Calculate the greatest common factor of a and 10.
10
Let v be (-2)/((-21)/(-9) + -3). Let u = 21 - 9. What is the highest common divisor of v and u?
3
Suppose 5*b + 1 = 16. Suppose 30 = b*v - v. What is the greatest common factor of v and 15?
15
Suppose -42 = -8*j + 118. Calculate the greatest common divisor of 5 and j.
5
Suppose -3*r + 7*r - n - 45 = 0, -r = n - 10. Calculate the highest common factor of 132 and r.
11
Let o be ((-10)/(-4))/(10/8). What is the greatest common divisor of 18 and o?
2
Suppose 4*j = 6 + 14. Let r = 12 + j. Let u be 2*-6*(-238)/56. Calculate the highest common factor of r and u.
17
Let a(u) = u + 20. Let m be a(-11). Calculate the highest common factor of 45 and m.
9
Let y(v) = -v**3 + 6*v**2 - 4*v - 2. Let l be y(5). Suppose l*j - 38 = 52. What is the greatest common factor of 75 and j?
15
Suppose -18 = -2*p + 4*y, 3*p - 2*y - 5 = 6*p. Let v be (18/(-4))/(p/(-18)). Calculate the greatest common divisor of v and 9.
9
Let g be (-13724)/(-24) - 2/(-12). Let t be 2/(-7) - g/(-91). Calculate the highest common factor of t and 42.
6
Let s be (0 - 2)*11/(-2). Let x = 42 + 13. What is the highest common divisor of s and x?
11
Let o be (-30)/(3/((-6)/4)). What is the highest common divisor of o and 60?
15
Let c = -9 - -15. Calculate the highest common divisor of c and 6.
6
Let i be (1 - 0)/(1/4). Suppose -3*x = i*o + o - 205, 4*x - 4*o = 220. What is the greatest common divisor of x and 15?
15
Let a be 16/(-3*(-2)/24). What is the highest common factor of 32 and a?
32
Let a = 490 + -281. What is the highest common divisor of 19 and a?
19
Suppose -12*f + 15*f = 6. What is the highest common divisor of f and 4?
2
Let n(k) = -k**3 - 7*k**2 + 7*k - 7. Let d be n(-8). Let s be d - (1/(-1) + 1). What is the greatest common factor of 7 and s?
1
Suppose -5*h + 299 + 251 = 0. What is the highest common divisor of h and 22?
22
Let l = 4 + 5. What is the greatest common factor of l and 3?
3
Let s = 3 + -2. Let w = -12 - -13. Calculate the highest common divisor of s and w.
1
Let w(f) = 2*f**2 - 8*f + 7. Let o be w(5). Calculate the greatest common factor of o and 153.
17
Let n be 1*-1*(-144)/3. What is the highest common factor of 6 and n?
6
Suppose -27 = m - 2*m. What is the highest common divisor of 9 and m?
9
Let g be (-68)/(-6)*21/(-2). Suppose 4*h = -x - 3*x + 752, -h + 4*x = -173. Let f = g + h. Calculate the greatest common divisor of 6 and f.
6
Suppose -3*a - 261 = -3*t, 3*a - t - 4*t = -271. Let z = a - -145. What is the greatest common factor of z and 7?
7
